a) = -a**3 + 39*a**2 + 4*a - 127. Determine w(39).
29
Let b(o) = 1334*o + 13358. Calculate b(-10).
18
Let i(j) = -8*j**2 - 135*j - 835. Determine i(-7).
-282
Let l(f) = 3*f**3 + 48*f**2 + 8*f + 132. Determine l(-16).
4
Let l(c) = 3*c**3 + 32*c**2 + 89*c + 16. Determine l(-6).
-14
Let o(r) = 15359*r + 322541. Calculate o(-21).
2
Let p(f) = -f**3 - 10*f**2 - 22*f + 24. Calculate p(-7).
31
Let k(t) = -t**3 - 22*t**2 - 78*t + 28. Calculate k(-17).
-91
Let q(v) = 19*v + 226. What is q(-12)?
-2
Let c(v) = -3*v + 64. Determine c(19).
7
Let k(d) = 5*d**3 + 166*d**2 + 328*d + 1. What is k(-2)?
-31
Let a(l) = 42*l**2 + 1140*l + 179. Calculate a(-27).
17
Let y(m) = 6392*m + 38347. Calculate y(-6).
-5
Let p(l) = -800*l - 7232. Determine p(-9).
-32
Let d(z) = -2*z**3 + 42*z**2 - 8*z + 481. Calculate d(21).
313
Let m(w) = -w**2 + 47*w - 552. Give m(26).
-6
Let t(v) = -v**3 + 78*v**2 + 164*v - 323. Determine t(80).
-3
Let r(v) = 5*v**2 + 76*v + 152. Determine r(-2).
20
Let w(d) = -3*d**3 - 2*d**2 + 21*d - 142. What is w(5)?
-462
Let g(d) = -d**3 - 6*d**2 - 119*d - 345. Give g(-3).
-15
Let p(i) = i**2 + 29*i - 534. Calculate p(13).
12
Let r(i) = 15*i**2 + 3*i + 8. What is r(-2)?
62
Let i(m) = m**3 - 240*m**2 + 2955*m - 56. Calculate i(13).
-4
Let b(i) = -i**2 - 50*i - 525. Calculate b(-29).
84
Let t(w) = -w**3 + 6*w**2 + 15*w + 21. What is t(8)?
13
Let d(y) = 16*y - 238. What is d(13)?
-30
Let d(k) = k**3 + 11*k**2 - 32*k + 19. Calculate d(-11).
371
Let w(j) = -j**2 - 34*j - 22. Give w(-16).
266
Let s(n) = 27*n - 33. Calculate s(0).
-33
Let d(q) = -1561*q - 15694. Give d(-10).
-84
Let n(h) = -99*h - 1173. Determine n(-12).
15
Let j(y) = -y**3 - 7*y**2 + 22*y - 33. Give j(-5).
-193
Let d(g) = -g**2 + 117*g - 670. Determine d(6).
-4
Let a(m) = m**3 - 22*m**2 - 22*m - 47. Determine a(23).
-24
Let v(z) = z**2 - 239*z + 687. Give v(3).
-21
Let z(n) = 13*n - 394. What is z(3)?
-355
Let t(c) = -51*c + 597. Calculate t(9).
138
Let m(z) = 2*z**2 + 77*z + 449. What is m(-31)?
-16
Let c(q) = -q**3 + 4*q**2 + 5*q - 105. Give c(8).
-321
Let u(n) = n**2 + 665*n - 3352. Give u(5).
-2
Let s(i) = -2*i**3 - 47*i**2 + 73*i - 40. Determine s(-25).
10
Let n(s) = -s**3 + 19*s**2 - 5*s - 131. Give n(18).
103
Let s(p) = 160*p + 1114. Give s(-7).
-6
Let f(u) = 2*u**3 - 25*u**2 + 17*u - 33. What is f(12)?
27
Let p(n) = 3*n - 42. What is p(-4)?
-54
Let h(s) = s**3 + 24*s**2 - 754*s + 84. Give h(-42).
0
Let v(x) = x**3 - 30*x**2 + 56*x - 11. Determine v(28).
-11
Let m(q) = -244*q + 16630. Give m(68).
38
Let m(o) = -312*o + 8108. Determine m(26).
-4
Let k(o) = 177*o - 34517. What is k(195)?
-2
Let j(o) = -o**3 + 216*o**2 - 1044*o - 2316. Give j(211).
5
Let k(a) = a**3 - 11*a**2 - 5*a - 2. Determine k(12).
82
Let q(x) = x**3 + 2*x**2 + 2*x + 33. Determine q(-8).
-367
Let c(v) = 59*v + 7316. Give c(-125).
-59
Let c(s) = 186*s + 272. Determine c(-3).
-286
Let f(z) = -z**3 + 8*z**2 + 157*z - 1343. Calculate f(9).
-11
Let d(t) = -144*t + 921. What is d(7)?
-87
Let y(q) = -q**3 - 17*q**2 + 8*q + 93. Determine y(-17).
-43
Let w(n) = n**2 - 53*n + 256. Determine w(5).
16
Let r(i) = i**3 + 4*i**2 - 17*i + 129. Give r(-8).
9
Let q(x) = -42*x + 2946. Calculate q(70).
6
Let y(l) = 5*l**2 + 58*l + 55. Calculate y(-11).
22
Let n(f) = f**2 + 3712*f + 11129. Give n(-3).
2
Let v(x) = x**2 + 10*x + 20. What is v(-5)?
-5
Let q(t) = -t**3 + 35*t**2 + 28*t - 986. Calculate q(35).
-6
Let y(i) = -382*i - 20622. Determine y(-54).
6
Let u(k) = -2*k**3 + 56*k**2 - 330*k + 170. Give u(20).
-30
Let a(r) = 12*r - 224. Calculate a(16).
-32
Let k(t) = 7788*t - 23368. Calculate k(3).
-4
Let q(n) = -34*n + 1. What is q(3)?
-101
Let i(q) = -2*q**2 - 56*q - 139. What is i(-28)?
-139
Let w(c) = -2*c**2 + 8*c + 17. Give w(6).
-7
Let z(k) = -67*k + 2323. Give z(35).
-22
Let f(t) = -t**3 + 8*t**2 + 10*t - 65. Determine f(8).
15
Let u(w) = 6*w**2 - 49*w + 347. Determine u(7).
298
Let x(g) = -g**3 + 38*g**2 + 73*g + 292. Give x(40).
12
Let y(v) = -2*v + 174. Determine y(84).
6
Let t(i) = i**3 + 22*i**2 - 265*i + 215. What is t(8)?
15
Let b(z) = -z**3 - 26*z**2 + 28*z + 47. Determine b(-27).
20
Let d(o) = o**3 + 9*o**2 + 36*o + 320. Give d(-9).
-4
Let u(l) = l**3 + 6*l**2 + 1333*l + 4000. Calculate u(-3).
28
Let n(u) = 2*u**3 + 2*u**2 - 3*u + 17. Determine n(-5).
-168
Let b(g) = -25*g**3 + 363*g**2 - 184*g + 31. Calculate b(14).
3
Let c(q) = 5*q**2 + q - 72. Calculate c(4).
12
Let p(i) = -i**2 + 18*i + 609. What is p(35)?
14
Let j(k) = 268*k + 805. Give j(-3).
1
Let j(b) = 50*b**2 + 86*b + 5. What is j(-2)?
33
Let i(a) = a**3 - 51*a**2 + a - 9. What is i(51)?
42
Let u(y) = -13*y**2 - 118*y - 232. Give u(-6).
8
Let w(t) = t**3 - 19*t**2 + 70*t + 153. Calculate w(12).
-15
Let g(y) = -6*y**3 + 67*y**2 + 49*y - 11. Determine g(12).
-143
Let u(d) = 2256*d - 24811. Calculate u(11).
5
Let q(c) = 517*c - 26367. Determine q(51).
0
Let u(f) = f**2 - 24*f + 126. What is u(6)?
18
Let y(p) = -6*p - 176. Give y(-28).
-8
Let t(b) = -11*b**2 - 6*b - 5. Calculate t(-2).
-37
Let t(c) = 5*c**2 - 67*c - 112. Determine t(15).
8
Let s(f) = -1366*f + 49179. Determine s(36).
3
Let j(s) = -s**2 - 103*s - 2523. What is j(-63)?
-3
Let q(p) = -p**3 + 3*p**2 + 10*p + 32. Calculate q(6).
-16
Let v(u) = -13*u - 12. Determine v(-5).
53
Let q(w) = -342*w - 2045. What is q(-6)?
7
Let a(d) = 2*d**3 + 152*d**2 + 151*d + 84. Determine a(-75).
9
Let v(j) = -j**2 + 9*j - 3. Calculate v(11).
-25
Let g(s) = 37*s**2 + 1112*s + 54. Give g(-30).
-6
Let z(m) = 1324*m - 23820. Determine z(18).
12
Let m(t) = -2337*t + 44428. What is m(19)?
25
Let v(q) = q**2 + 2212*q - 22194. What is v(10)?
26
Let b(k) = -35*k**2 - 3*k - 163. Give b(0).
-163
Let y(v) = -v**3 - 54*v**2 - 158*v - 261. Give y(-51).
-6
Let d(y) = -128*y - 2295. Give d(-18).
9
Let p(a) = 3*a**2 + 89*a - 36. Calculate p(-30).
-6
Let n(b) = -b**2 + 146*b - 3856. Calculate n(114).
-208
Let d(k) = k**2 - 34*k + 301. Give d(14).
21
Let k(c) = -c**2 + 15*c - 23. What is k(15)?
-23
Let a(f) = 70*f - 64. Calculate a(-4).
-344
Let b(u) = -31*u**2 - 20*u + 36. Determine b(4).
-540
Let d(k) = 2*k**2 + 22*k - 148. What is d(6)?
56
Let w(q) = -q**3 + 18*q**2 + 157*q - 413. Calculate w(-8).
-5
Let c(a) = a**3 + 44*a**2 - 36*a + 89. What is c(-45)?
-316
Let u(n) = 3*n**3 - 74*n**2 + 438*n - 11. Give u(15).
34
Let z(y) = -57*y - 4702. Determine z(-82).
-28
Let m(q) = 2*q**3 - 6*q**2 - 7*q + 18. Determine m(5).
83
Let m(y) = 15*y + 1088. Give m(-34).
578
Let k(x) = -3*x**2 + 65*x - 300. What is k(7)?
8
Let v(t) = t**3 - 81*t**2 - 1117*t + 71. What is v(93)?
-22
Let x(o) = o**3 + 45*o**2 - 47*o - 80. Give x(-46).
-34
Let z(q) = -121*q + 28. Give z(1).
-93
Let q(l) = -l**3 + 6*l**2 + 49*l - 1. Give q(-5).
29
Let a(k) = 71*k**2 + 8*k - 7. Give a(1).
72
Let p(s) = 2*s**3 + 3*s**2 + 132*s + 408. Give p(-3).
-15
Let h(c) = 46*c - 76. What is h(8)?
292
Let z(x) = 96*x + 265. What is z(-4)?
-119
Let w(m) = -2*m**2 + 542*m - 9112. Give w(253).
-4
Let p(f) = -8*f**2 + 545*f + 39. Determine p(68).
107
Let s(y) = y**3 - 31*y**2 + 59*y + 87. Give s(29).
116
Let k(o) = 33*o**2 - 709*o + 343. What is k(21)?
7
Let g(w) = -8*w**2 - 4*w + 92. Determine g(0).
92
Let g(n) = 2*n**3 - 28*n**2 + 12*n - 213. What is g(14)?
-45
Let x(l) = -l**3 - 11*l**2 + 11*l - 4. Determine x(-12).
8
Let y(b) = -253*b - 519. Give y(-2).
-13
Let v(u) = 2*u**3 + 9*u**2 - 23*u - 64. Calculate v(-2).
2
Let y(c) = 5*c**3 + 33*c**2 - 17*c - 37. What is y(-7)?
-16
Let j(v) = v**2 + 39*v - 833. Calculate j(15).
-23
Let d(n) = -600*n - 33597. Give d(-56).
3
Let w(l) = 6*l**3 + 48*l**2 - 5*l - 16. Give w(-8).
24
Let s(p) = -12*p + 104. Determine s(12).
-40
Let q(t) = -2*t + 7. Calculate q(1).
5
Let h(c) = 12*c**2 - 13*c + 16. Calculate h(1).
15
Let o(a) = -a**2 + 69*a + 924. Calculate o(-11).
44
Let o(m) = m**3 + 46*m**2 + 68*m - 2597. What is o(-43)?
26
Let k(i) = -i**3 + 44*i**2 - 126*i + 164. Determine k(41).
41
Let z(a) = a**2 + 1192*a + 11827. Give z(-10).
7
Let p(z) = -6*z**2 - 641*z + 3363. Calculate p(5).
8
Let p(m) = 2*m**3 + 37*m**2 - 39*m - 366. Determine p(-19).
14
Let p(x) = -x**2 + 289. What is p(-17)?
0
Let a(i) = -4*i**2 - 102*i + 156. Calculate a(-27).
-6
Let s(q) = 2*q**3 + 62*q**2 + 4*q + 102. Calculate s(-31).
-22
Let m(u) = -u**2 - 52*u - 888. Calculate